u - 2*q + 351. Let f = u - c. Is f a composite number?
False
Let n(b) = -2*b + b**2 - 37 + 14 + 20. Let x be n(-2). Suppose j - 6*j + 1552 = -3*s, -x*s = j - 316. Is j a composite number?
False
Suppose -10666 = 15*m - 17*m. Suppose -278*d = -277*d - m. Is d composite?
False
Suppose 7*o - 107323 = -2*y + 4*o, 3*o = -y + 53669. Let p = y + -22335. Is p a prime number?
True
Let r(l) = 74*l**2 - 101*l + 1. Is r(6) a prime number?
False
Let f = -2162 + 3877. Let n = f + 578. Is n prime?
True
Suppose 1137602 = 5*a - r, 0 = -3*a + 10*r - 11*r + 682550. Is a a composite number?
False
Let o(u) = -366*u - 131. Suppose -195 = 298*f - 293*f. Is o(f) prime?
True
Suppose 2*p = -4*t - 0 + 20, t = 5. Let m be (-464)/(-2)*(p + 2). Let g = m - -239. Is g a prime number?
False
Let x = -494 - -500. Suppose 3*p = -12, x*p = -3*c + 5*p + 162359. Is c a prime number?
True
Let r be (-34)/(-16) + 4/(-32). Suppose 0 = -r*x - x + 1362. Is -3*(-3)/6*x a composite number?
True
Let g = 294275 + -160606. Is g a prime number?
True
Let u(o) = -o**3 + 5*o**2 + 49*o + 12. Let m be u(10). Let y(v) = 4585*v**3 - 14*v + 30. Is y(m) a composite number?
True
Let v(s) = -2*s - 21. Let r be v(-10). Let c be (0/4 - -202) + r. Suppose 7*p - c - 352 = 0. Is p a composite number?
False
Let x(w) be the first derivative of -13*w**3/3 + 3*w**2/2 + 10*w + 4. Let d(v) be the first derivative of x(v). Is d(-19) a composite number?
True
Suppose 10 = -5*a, -33 = -3*z - 2*z + 4*a. Let f(i) = 29*i**2 + 8*i - 20. Is f(z) a prime number?
False
Let o be (-4 - -1)/(6/(-2960)). Suppose -7*v + o = -3*v. Is v/(-15)*(-9)/6 prime?
True
Suppose 0 = -5*b + x + 354128 + 41537, -b + 4*x = -79133. Is b a prime number?
True
Let t = 141278 - 43299. Is t a composite number?
True
Let s(t) = 54*t**2 + 5*t + 16. Let q be ((-175)/50)/(2/4). Is s(q) composite?
True
Let l(x) = -51*x**3 + 2*x**2 - 23*x - 25. Is l(-11) prime?
True
Let y = 76 + -128. Let l = y + 40. Is ((-636)/l)/(2/38) a prime number?
False
Suppose 58*w = 51*w - 28. Is ((-288945)/(-30))/(-3*w/8) composite?
False
Let w(i) = -8976*i - 11. Let y(c) = 4488*c + 5. Let m(u) = 3*w(u) + 5*y(u). Let l be m(-11). Is l/32 - 6/4 a composite number?
True
Suppose -158*p + 4232261 + 1835851 + 2793002 = 0. Is p a prime number?
False
Suppose -19*z + 142 - 47 = 0. Suppose -20*s + 30795 = -z*s. Is s a composite number?
False
Let j = 78 - 66. Let c(g) = -2*g**3 + 18*g**2 + 21*g + 6. Let b be c(j). Let n = b + 2443. Is n prime?
False
Is 1082/(11/2398*4) prime?
False
Suppose 0 = -5*c - 4*j + 1299, 9*c + 2*j + 1060 = 13*c. Is c composite?
False
Let s(g) = 6745*g**2 - 425*g - 53. Is s(11) a composite number?
True
Suppose -6 = -49*n + 43*n. Let g be ((-18)/27)/(n/951). Let u = g + 1083. Is u composite?
False
Suppose -5*z - 36 = 339. Let k = -65 - z. Suppose 1650 = k*i - 220. Is i a composite number?
True
Let m = 113904 + -33253. Is m composite?
False
Let n(p) = 10*p**2 + 3*p + 23. Suppose -7*q + 97 - 13 = 0. Is n(q) composite?
False
Suppose -45*p + 3442999 = 5*s - 48*p, -2*s = -5*p - 1377192. Is s a prime number?
False
Let r(k) = k**3 - 13*k**2 + 13*k - 10. Suppose -42 = -5*v - 2*t, 0 = 4*v + 4*t - 36 + 12. Let p be r(v). Let f = 5125 - p. Is f a prime number?
False
Suppose 3*g = 5*o - 82, -3*o = g + 22 - 60. Is (-166120)/(-140) + 6/o composite?
False
Let p(h) be the second derivative of -109*h**5/10 - h**4/12 + h**3/2 + 3*h**2/2 - 2*h + 6. Is p(-1) prime?
False
Suppose 3*u = -z - 28 + 31, -2*z = 3*u. Suppose 2*m - 216 = 2*r, 0 = m + u*r - r - 118. Is m prime?
True
Let d = 3702 - 944. Let j be -1139*(0 + 0 + -1). Let y = d - j. Is y prime?
True
Suppose 9*w - 14*w + 642817 = -o, -2*w - 5*o = -257116. Is w composite?
False
Let g(k) be the second derivative of -k**5/20 - k**4/6 - k**3/3 + 2119*k**2/2 + 55*k. Is g(0) a prime number?
False
Suppose 0 = 4*o + 20, -6*o - 21 = u - o. Suppose u*x + 5*x = 36. Suppose -x*z + 721 = 3*z. Is z a composite number?
False
Let p be -9*((-19971)/(-81))/(-7). Suppose p*a - 319*a = -586. Is a composite?
False
Suppose 2*x - 5*k - 597090 + 95211 = 0, x - 4*k - 250947 = 0. Is x composite?
True
Let i(r) be the third derivative of -r**6/120 - r**5/12 - 17*r**4/24 + r**3/6 - 15*r**2 + 3*r. Is i(-9) composite?
True
Let x(n) = n**3 - 9*n**2 + 12*n - 9. Let c be x(8). Let i(l) = 12*l**2 - 11*l. Let j be i(2). Suppose -6447 = -j*h + c*h. Is h a prime number?
False
Suppose -456*q - 1134274 - 6501374 = -552*q. Is q composite?
True
Let d = 266 + -257. Suppose 2*t - 1406 = 2*b + 6266, 3*b + d = 0. Is t a composite number?
False
Let x be 50/20*113104/20. Suppose 4*q - 6*q - 35345 = -5*g, -2*g + q + x = 0. Is g a prime number?
True
Suppose -59*z = j - 55*z - 336335, 0 = j - 2*z - 336329. Is j prime?
False
Let p(f) = f**2 + 5*f - 12. Let q be p(-8). Suppose 13*d - 6 = q*d. Suppose -1974 = -12*x + d*x. Is x composite?
True
Suppose 3274*q = 3278*q - 373228. Is q composite?
False
Is ((-12)/3)/(((-72)/630711)/4) a prime number?
False
Let m be (216/96)/((45/(-12))/(-5)). Suppose 3*l - 66128 = 12*b - 16*b, -12 = -m*l. Is b a prime number?
True
Let n(q) = 3249*q**3 - 2*q**2 - 2*q + 4. Let z be n(-2). Let a = -17933 - z. Is a prime?
True
Let d(f) = 91*f - 6. Suppose m - 6 = -2*m. Let r be d(m). Let x = r - -57. Is x a prime number?
True
Let d be 189/(-252) - (-17235)/4. Suppose -d = 93*b - 97*b. Is b prime?
False
Suppose 0 = -249*w + 254*w + i - 224644, -5*w - 2*i = -224643. Is w a composite number?
True
Suppose -7*t + 1016 + 1175 = 0. Suppose -t = -b + 250. Suppose -b = -5*j - 2*f, f - 551 = -5*j + 2*f. Is j composite?
True
Let j(d) be the first derivative of 5*d**3 - 5*d**2/2 + 41*d + 14. Is j(27) a prime number?
False
Suppose -2*z - 6*z = 96. Let r(m) = -m**2 - 19*m + 5. Is r(z) a prime number?
True
Suppose 86*h - 101*h = -7380. Let q = -43 + h. Is q composite?
False
Suppose 11*n + 285426 - 1461514 - 4278 = 0. Is n composite?
True
Let b = 17137 - -45590. Suppose -17*n + 31810 = -b. Is n a composite number?
True
Suppose -3*m = -q + 12167, 0 = 5*m + 243 - 263. Is q prime?
False
Suppose 5*h - 216965 = 280*j - 285*j, 4*h + 173556 = 4*j. Is j a composite number?
False
Let x = 285317 - -814614. Is x a composite number?
True
Let p(v) = -v - 3. Let q be p(-8). Suppose 6*u - 3*u - 2682 = 0. Suppose u = q*x + x. Is x a prime number?
True
Let h be -2 + 2/(4 + -3). Suppose -3*n = s - 373, s - 6*s - 2*n + 1878 = h. Suppose -5*j = 4*w - 5462, s = 2*w + 3*j - 2356. Is w composite?
True
Let j be ((-1 + 2)*0)/(-2*1). Suppose 3*v - 4*v + 1 = j. Suppose g = v + 18. Is g a prime number?
True
Let n = -1082 + 1558. Let y = -126 + -159. Let w = n + y. Is w a composite number?
False
Let s be (2 - 2)/(3/((-7)/(-7))). Suppose c + s*c = -3*q + 19139, 8 = 4*c. Is q composite?
False
Let m(t) = 25972*t**2 + 2471*t + 4. Is m(7) prime?
False
Suppose 4*k - 3524 - 2616 = 0. Let m = k + -1011. Let b = m - 43. Is b a composite number?
True
Let j(r) = 697*r**2 - 10*r - 268. Is j(-11) a prime number?
True
Suppose 4*q = 2*x - 4, 3*q - 5*q = 5*x - 22. Let w be (q/(-1))/(-2)*(7474 + 4). Suppose -w = -3*b - 394. Is b composite?
True
Suppose 0 = -6*i + 21 + 9. Suppose -2*w + i*w = 30. Suppose 5*c = w*c - 3445. Is c a prime number?
False
Let f = -57278 + 110455. Is f a prime number?
False
Let d = -65 + 75. Suppose -7*c = -2*c, -j = -3*c - 491. Is (5/d)/(2/4)*j a composite number?
False
Let p(q) = -q**2 - 20 - 19*q + 43*q**3 + 20*q + 32. Is p(5) composite?
True
Suppose 3*d + 2090 = 5*l, -d - 835 = -0*l - 2*l. Suppose -9*c - 565 = -592. Suppose 0 = -3*k - 6, -c*h + 4*k - l + 1902 = 0. Is h a composite number?
True
Let c(l) = 150*l**2 - 2*l + 31. Let y = -67 + 59. Is c(y) prime?
False
Suppose 0 = 4*x - 10 - 18. Suppose x*b - 9593 = 8012. Is b prime?
False
Is (-2)/(8/78972)*(-200)/120 prime?
False
Suppose 5*x + 25185 + 3995 = 0. Let q = x + 8763. Is q a composite number?
False
Suppose 5*z - v = 299603, -2*z + 119832 = -146*v + 141*v. Is z a composite number?
False
Suppose 3*q = g + 2 - 10, 0 = 2*g + 2*q. Suppose -l = 5*j - 47028, l - 2*l = g*j - 47031. Is l a composite number?
True
Let q = -2379 + 4073. Let z = 334 - q. Let r = 843 - z. Is r a prime number?
True
Suppose -22*s + 23*s - 3*g = 132713, 4*g + 3052009 = 23*s. Is s prime?
False
Suppose 2*u + 1 = 3, -3*f + 161 = -4*u. Suppose 5*c = -6*c + f. Is 1*c*-1*(-355